723
What are the prime factors of 88304711?
11, 729791
What are the prime factors of 49355388?
2, 3, 19, 59, 1223
List the prime factors of 3720388.
2, 7, 23, 53, 109
List the prime factors of 4706200367.
11, 107, 181, 22091
What are the prime factors of 38986989?
3, 12995663
List the prime factors of 117663520.
2, 5, 13, 56569
List the prime factors of 10108531.
53, 89, 2143
What are the prime factors of 1523645505?
3, 5, 31, 364073
List the prime factors of 32485047.
3, 7, 1546907
What are the prime factors of 29002457?
11, 41, 107, 601
What are the prime factors of 4105625837?
653, 6287329
List the prime factors of 402673314.
2, 3, 107, 627217
What are the prime factors of 24634978?
2, 23, 29, 59, 313
List the prime factors of 40062863.
17, 41, 229, 251
List the prime factors of 113677199.
277, 410387
List the prime factors of 471223764.
2, 3, 11, 103, 3851
What are the prime factors of 5550406470?
2, 3, 5, 7, 31, 61, 1553
What are the prime factors of 2497026805?
5, 7, 13, 733, 7487
What are the prime factors of 298295797?
298295797
What are the prime factors of 633280185?
3, 5, 14072893
List the prime factors of 3224370572.
2, 317, 2542879
List the prime factors of 148138826.
2, 11, 433, 15551
What are the prime factors of 4611585?
3, 5, 11, 19, 1471
What are the prime factors of 330578227?
7, 47225461
What are the prime factors of 1968585113?
11, 178962283
List the prime factors of 4260781886.
2, 2411, 883613
What are the prime factors of 2822214917?
257, 2657, 4133
List the prime factors of 154634118.
2, 3, 89, 289577
List the prime factors of 109744449.
3, 317, 115399
List the prime factors of 65444484.
2, 3, 7, 779101
What are the prime factors of 111335950?
2, 5, 11, 47, 59, 73
List the prime factors of 2444538736.
2, 41, 73, 51047
What are the prime factors of 1285841993?
1285841993
List the prime factors of 765272753.
7, 47, 2326057
What are the prime factors of 6499086594?
2, 3, 7, 11, 13, 1082099
What are the prime factors of 429141527?
61, 7035107
List the prime factors of 1623574664.
2, 17, 11938049
What are the prime factors of 416188323?
3, 181, 255487
What are the prime factors of 3711653656?
2, 17, 59, 462569
List the prime factors of 221687307.
3, 19, 432139
List the prime factors of 11119985.
5, 479, 4643
What are the prime factors of 96491341?
1873, 51517
What are the prime factors of 114926641?
31, 67, 55333
What are the prime factors of 85457557?
239, 357563
What are the prime factors of 496940713?
127, 3912919
What are the prime factors of 282031685?
5, 13, 4338949
List the prime factors of 55649703.
3, 18549901
What are the prime factors of 10094660?
2, 5, 47, 10739
What are the prime factors of 217486682?
2, 7, 193, 80491
What are the prime factors of 3554355928?
2, 41, 131, 82721
What are the prime factors of 6865990?
2, 5, 757, 907
What are the prime factors of 268972612?
2, 67243153
What are the prime factors of 15053523?
3, 23, 29, 7523
What are the prime factors of 795829990?
2, 5, 89, 894191
List the prime factors of 829125464.
2, 103640683
What are the prime factors of 1586869591?
1586869591
What are the prime factors of 3299692989?
3, 1099897663
List the prime factors of 2403140426.
2, 1201570213
What are the prime factors of 699283246?
2, 2557, 136739
What are the prime factors of 232881637?
232881637
List the prime factors of 47938963.
17, 41, 109, 631
What are the prime factors of 238054209?
3, 23, 83, 197, 211
What are the prime factors of 191805418?
2, 7, 19, 23, 107, 293
List the prime factors of 6043245.
3, 5, 13, 17, 1823
List the prime factors of 835291.
23, 1579
List the prime factors of 175867971.
3, 19, 3085403
What are the prime factors of 879700634?
2, 439850317
List the prime factors of 125051589.
3, 13, 1068817
What are the prime factors of 2613098292?
2, 3, 7, 47, 661879
List the prime factors of 1359400951.
523, 2599237
List the prime factors of 15351187.
17, 47, 19213
List the prime factors of 1218716847.
3, 23, 654169
What are the prime factors of 829890424?
2, 11, 1433, 6581
What are the prime factors of 2445673152?
2, 3, 13, 79, 157
List the prime factors of 45091901.
6217, 7253
List the prime factors of 159523127.
173, 922099
What are the prime factors of 1869124423?
163, 241, 47581
List the prime factors of 878300499.
3, 43, 6808531
What are the prime factors of 121623969?
3, 1877, 21599
What are the prime factors of 107980532?
2, 11, 17, 241, 599
What are the prime factors of 147059737?
11, 101, 132367
List the prime factors of 3797624366.
2, 1898812183
List the prime factors of 27679576.
2, 67, 113, 457
What are the prime factors of 1896176655?
3, 5, 14045753
List the prime factors of 1622485054.
2, 7451, 108877
What are the prime factors of 64546531?
7, 59, 373, 419
List the prime factors of 174056363.
13, 61, 219491
List the prime factors of 301783952.
2, 739, 25523
List the prime factors of 87973895.
5, 17, 19, 47, 61
What are the prime factors of 3755196324?
2, 3, 11, 331, 28649
List the prime factors of 1989276454.
2, 11, 17, 53, 100357
List the prime factors of 347919534.
2, 3, 19328863
What are the prime factors of 1779393373?
1779393373
List the prime factors of 68648773.
941, 72953
What are the prime factors of 40849188?
2, 3, 3404099
What are the prime factors of 789038609?
789038609
List the prime factors of 393772069.
241, 641, 2549
What are the prime factors of 48700295?
5, 7, 43, 32359
List the prime factors of 550380656.
2, 7, 353, 13921
List the prime factors of 4226469615.
3, 5, 151, 621997
List the prime factors of 91530.
2, 3, 5, 113
List the prime factors of 410235056.
2, 7, 11, 47569
What are the prime factors of 92227788?
2, 3, 17, 191, 263
List the prime factors of 79994929.
7, 101, 113147
What are the prime factors of 316476575?
5, 107, 193, 613
What are the prime factors of 2298435713?
7, 127, 2585417
List the prime factors of 5918230198.
2, 41, 67, 991, 1087
List the prime factors of 257250000.
2, 3, 5, 7
List the prime factors of 23754151.
17, 1397303
List the prime factors of 93320400.
2, 3, 5, 19, 4093
What are the prime factors of 158155795?
5, 7, 4518737
List the prime factors of 4801653675.
3, 5, 7, 13, 71, 367
List the prime factors of 745100740.
2, 5, 2087, 17851
What are the prime factors of 388808484?
2, 3, 32400707
List the prime factors of 2875646121.
3, 7951, 120557
List the prime factors of 496826537.
953, 521329
What are the prime factors of 15189351?
3, 37, 136841
What are the prime factors of 4897805311?
7, 23, 2837, 10723
What are the prime factors of 1188652513?
47, 1823, 13873
List the prime factors of 15176982.
2, 3, 1187, 2131
List the prime factors of 1059813206.
2, 15749, 33647
List the prime factors of 385213271.
89, 113, 38303
List the prime factors of 27465661.
27465661
List the prime factors of 491960476.
2, 7, 41, 139, 3083
List the prime factors of 629073968.
2, 61, 139, 4637
What are the prime factors of 2513267822?
2, 13, 23, 4202789
What are the prime factors of 14618566?
2, 53, 137911
What are the prime factors of 24821344?
2, 193, 4019
List the prime factors of 413879945.
5, 19, 43, 71, 1427
What are the prime factors of 3929028?
2, 3, 327419
List the prime factors of 445249462.
2, 7, 769, 41357
List the prime factors of 107450538.
2, 3, 13, 105967
List the prime factors of 723526442.
2, 2843, 127247
What are the prime factors of 257207749?
4153, 61933
What are the prime factors of 679744365?
3, 5, 757, 59863
List the prime factors of 8229829.
8229829
What are the prime factors of 3915307283?
71, 1117, 49369
What are the prime factors of 145571969?
17, 389, 22013
What are the prime factors of 599871974?
2, 13, 23071999
List the prime factors of 97069023.
3, 53, 7537
What are the prime factors of 472555100?
2, 5, 4725551
What are the prime factors of 7339428932?
2, 11, 31, 229, 23497
List the prime factors of 163841861.
163841861
List the prime factors of 246724685.
5, 49344937
What are the prime factors of 3188616957?
3, 354290773
What are the prime factors of 120635741?
571, 211271
What are the prime factors of 545710896?
2, 3, 53, 71503
What are the prime factors of 21449362?
2, 11, 974971
List the prime factors of 170636032.
2, 7, 61, 223
What are the prime factors of 975705657?
3, 67, 4854257
List the prime factor